2467231 a prime number?
True
Is 362764903 a composite number?
True
Is 358226333 a composite number?
False
Is 20214648106 a prime number?
False
Is 27728831569 a composite number?
True
Is 174495271 a composite number?
True
Is 24896831 a composite number?
False
Is 76217723647 a composite number?
True
Is 4081454417 a prime number?
False
Is 242205781 a prime number?
True
Is 20475675511 prime?
True
Is 6345210533 prime?
True
Is 426111121 a composite number?
False
Is 287383639 prime?
True
Is 95545573 a composite number?
False
Is 8243377529 composite?
True
Is 1834437487 composite?
True
Is 7747595263 a composite number?
True
Is 14750110489 prime?
False
Is 10512532057 a composite number?
True
Is 384823787 a prime number?
False
Is 59760337289 prime?
True
Is 199505791 a prime number?
True
Is 30345430079 a prime number?
False
Is 297202349 prime?
False
Is 2229181165 a composite number?
True
Is 551722217 a prime number?
True
Is 11761751011 prime?
True
Is 1072246169 a prime number?
True
Is 19254790337 a composite number?
False
Is 7057583887 a composite number?
False
Is 185153029471 composite?
False
Is 2587859251 a prime number?
True
Is 45448828813 composite?
True
Is 3274368715 prime?
False
Is 600795758 a prime number?
False
Is 1636465591 a composite number?
False
Is 19293284909 a prime number?
False
Is 623627149 a composite number?
False
Is 21091470397 a prime number?
True
Is 25717583803 prime?
True
Is 9333975997 a prime number?
False
Is 4805623015 a prime number?
False
Is 9432369031 a composite number?
True
Is 228468529 a prime number?
True
Is 11387245873 a prime number?
True
Is 37494801467 a composite number?
False
Is 1194834191 a composite number?
True
Is 16387219663 a prime number?
True
Is 7379247497 a prime number?
False
Is 88963538999 a prime number?
True
Is 1365742943 a prime number?
True
Is 5629327 prime?
False
Is 1822597801 prime?
False
Is 1333637651 prime?
False
Is 48380773 composite?
True
Is 205950386981 a composite number?
False
Is 2113053599 a composite number?
False
Is 49268905307 composite?
True
Is 1314834923 a prime number?
False
Is 2618041827 a prime number?
False
Is 317265909 prime?
False
Is 31900159673 a composite number?
False
Is 3712686221 a prime number?
True
Is 2147141597 a prime number?
False
Is 1663143679 composite?
False
Is 15471077939 a composite number?
False
Is 15836689757 a prime number?
False
Is 24366815033 a composite number?
True
Is 11504429291 prime?
True
Is 3876571697 a prime number?
False
Is 180561509 composite?
True
Is 12787515977 a prime number?
True
Is 113253653507 a composite number?
False
Is 3592423957 a prime number?
True
Is 1733364719 composite?
False
Is 2170011437 prime?
False
Is 11841006931 a composite number?
True
Is 19391621 prime?
False
Is 2221457873 a composite number?
True
Is 283991731 a prime number?
True
Is 4081527631 prime?
True
Is 628286209 prime?
True
Is 446820467 a composite number?
False
Is 813278441 composite?
False
Is 31173702409 a composite number?
False
Is 300707483 a prime number?
False
Is 1595673335 composite?
True
Is 12370161917 prime?
True
Is 19454647283 composite?
False
Is 168518802197 composite?
True
Is 2096306563 a composite number?
True
Is 7924373911 prime?
True
Is 18491434967 a prime number?
True
Is 9261773 a prime number?
False
Is 48903444665 a composite number?
True
Is 264568589 prime?
True
Is 9971108911 a prime number?
False
Is 107817728713 a composite number?
True
Is 4207023593 prime?
True
Is 1084089371 prime?
False
Is 302467207 a composite number?
True
Is 21832344971 a composite number?
True
Is 364648549 a prime number?
True
Is 1695217331 a composite number?
False
Is 1669860259 composite?
True
Is 139877441219 a prime number?
True
Is 1216029931 prime?
True
Is 150832861 prime?
True
Is 1080516649 a prime number?
False
Is 965868803 a prime number?
False
Is 2471047583 a prime number?
True
Is 45413018687 a prime number?
True
Is 36129469195 a composite number?
True
Is 201336213601 a composite number?
False
Is 9746398531 a prime number?
True
Is 86519500493 composite?
False
Is 14102287229 a composite number?
True
Is 499087781 a composite number?
False
Is 27143630557 a composite number?
True
Is 44543728921 a prime number?
False
Is 4208950093 a prime number?
False
Is 674405143 prime?
True
Is 6233322899 prime?
True
Is 7641898051 a prime number?
False
Is 3021447743 prime?
False
Is 2005006309 a prime number?
False
Is 1238934929 prime?
False
Is 38408311 a composite number?
False
Is 529362157 prime?
True
Is 11330879566 a composite number?
True
Is 445019357095 a composite number?
True
Is 3368983285 a composite number?
True
Is 18670691789 a prime number?
True
Is 150292077901 prime?
False
Is 62717557193 composite?
False
Is 119897339 prime?
False
Is 21372301831 a prime number?
False
Is 96179942909 prime?
False
Is 92915142233 a composite number?
True
Is 362461669 a prime number?
False
Is 638339899 prime?
True
Is 8315552317 prime?
True
Is 7416933193 a prime number?
False
Is 161144096545 composite?
True
Is 7576429837 a prime number?
True
Is 6279371023 a prime number?
True
Is 187529573047 a composite number?
False
Is 10657725887 a composite number?
False
Is 149021107127 a composite number?
False
Is 2041824587 a prime number?
False
Is 55689079379 prime?
True
Is 3878572001 a composite number?
True
Is 756106019 a composite number?
False
Is 1030694503 a composite number?
False
Is 6996436193 a composite number?
True
Is 14414732809 a composite number?
True
Is 556667299 a composite number?
False
Is 1772024327 prime?
False
Is 3673193599 composite?
False
Is 428798899 prime?
True
Is 39328391119 composite?
True
Is 2023668563 prime?
False
Is 5005636891 prime?
True
Is 7954619791 composite?
False
Is 1367171341 composite?
False
Is 16099356311 prime?
True
Is 510992347 prime?
True
Is 1027000615 composite?
True
Is 786827177 a composite number?
True
Is 19183632431 prime?
True
Is 1104327593 a prime number?
False
Is 710839861 composite?
False
Is 107118506314 composite?
True
Is 5269328963 prime?
False
Is 3435925531 a prime number?
False
Is 416573304815 prime?
False
Is 428527871 a prime number?
True
Is 3936070967 a composite number?
False
Is 34944161789 prime?
False
Is 9797274673 a composite number?
False
Is 593666033 a prime number?
True
Is 107482639559 a prime number?
True
Is 6565258967 prime?
False
Is 302079549839 a prime number?
True
Is 1117684159 a prime number?
False
Is 7081619089 prime?
True
Is 1118765329 a composite number?
True
Is 179906475871 a prime number?
True
Is 242674658179 a composite number?
False
Is 2691878017 a prime number?
True
Is 15404652359 prime?
False
Is 3388761997 composite?
True
Is 12230424847 a prime number?
True
Is 67648326157 a composite number?
True
Is 51773333659 composite?
True
Is 15178162771 a prime number?
True
Is 6300176653 composite?
False
Is 4952475613 composite?
False
Is 22920119479 a composite number?
True
Is 7903185581 a composite number?
False
Is 6446724743 a prime number?
True
Is 17634689 a prime number?
True
Is 47958267377 a composite number?
False
Is 6280524311 composite?
False
Is 12847866431 prime?
True
Is 17116641481 prime?
False
Is 7776268853 a prime number?
False
Is 59507143581 composite?
True
Is 283523423 composite?
False
Is 559911023 composite?
True
Is 50237039291 composite?
False
Is 989362991 composite?
True
Is 15806918431 prime?
True
Is 11059239691 composite?
True
Is 3540723014 a prime number?
False
Is 4593403561 a prime number?
False
Is 504976571 composite?
True
Is 87024934639 composite?
False
Is 14684356873 composite?
True
Is 543620629 a composite number?
True
Is 794687447 prime?
True
Is 1759969969 composite?
True
Is 548945741 composite?
False
Is 255519359 prime?
True
Is 7519602997 a prime number?
False
Is 16079173531 a prime number?
False
Is 41436777659 a prime number?
True
Is 81724843187 composite?
True
Is 1737121909 a composite number?
False
Is 446279759 a prime number?
False
Is 4905888289 a composite number?
True
Is 5652561097 composite?
False
Is 15170391007 a composite number?
True
Is 8275398277 a prime number?
True
Is 3838470047 prime?
True
Is 16920415559 a prime number?
True
Is 21896550673 a composite number?
False
Is 92733087641 a composite number?
True
Is 326924747 a prime number?
True
Is 981796349 a prime number?
True
Is 935207887 a composite number?
True
Is 50867